mposite?
False
Is 70748740487 composite?
True
Is 4072380587 composite?
True
Is 7945835531 prime?
True
Is 425399456179 a prime number?
True
Is 11435958433 composite?
True
Is 10613450621 a composite number?
False
Is 10179891529 a prime number?
True
Is 176896671929 prime?
True
Is 6426568771 prime?
False
Is 69946589 composite?
True
Is 15190687 composite?
False
Is 45637691969 a composite number?
True
Is 32520363871 a composite number?
False
Is 2504640503 a composite number?
False
Is 3703047539 a prime number?
True
Is 446016001 composite?
True
Is 405001607 a prime number?
False
Is 904306099 prime?
False
Is 746113727 a prime number?
True
Is 84315107 composite?
False
Is 1365350521 a prime number?
False
Is 1143157633 prime?
True
Is 330416121661 composite?
False
Is 7672590839 a prime number?
True
Is 4287271027 a prime number?
False
Is 9085288651 composite?
True
Is 4783498523 a composite number?
False
Is 35130071803 a prime number?
True
Is 17741143331 prime?
True
Is 12658574957 prime?
False
Is 16279224841 a composite number?
True
Is 1223677327 a prime number?
False
Is 49938449 composite?
True
Is 459243431 a composite number?
False
Is 3342391102 composite?
True
Is 35263712501 a composite number?
True
Is 388345543 prime?
False
Is 21098791535 composite?
True
Is 674211871 composite?
True
Is 21911667241 a prime number?
True
Is 18952853443 a prime number?
True
Is 913584829 prime?
True
Is 584031061 a composite number?
True
Is 2881884127 a composite number?
True
Is 63752124539 a composite number?
False
Is 1780185263 prime?
True
Is 1014428539 composite?
True
Is 136692552941 a prime number?
False
Is 2391887717 prime?
True
Is 76119972341 a composite number?
True
Is 2168817557 a prime number?
True
Is 5949537509 a composite number?
False
Is 14830680307 composite?
False
Is 58123335791 a composite number?
False
Is 48055127531 a prime number?
False
Is 29984568569 a composite number?
True
Is 252337781 prime?
True
Is 369861301 a composite number?
True
Is 722749771 composite?
True
Is 897755527 a prime number?
False
Is 4261010549 a prime number?
True
Is 24090089407 prime?
True
Is 99992611959 a prime number?
False
Is 48906555283 a composite number?
False
Is 1616537629 composite?
True
Is 294775543 composite?
False
Is 7017721241 a composite number?
True
Is 484810169 prime?
False
Is 1097552893 composite?
True
Is 26471278651 prime?
False
Is 4572328583 a prime number?
False
Is 4755610373 prime?
True
Is 22117265147 a composite number?
True
Is 8675056513 a prime number?
False
Is 11348900399 prime?
True
Is 71840162293 prime?
True
Is 1073855171 a prime number?
False
Is 111833999 prime?
False
Is 587483063 prime?
True
Is 45065490523 a composite number?
True
Is 4424464459 prime?
True
Is 31359810991 a prime number?
False
Is 17875416773 a composite number?
True
Is 119348893 a composite number?
False
Is 3833476529 composite?
False
Is 10584649699 a prime number?
False
Is 81413539 prime?
True
Is 705591869 a composite number?
False
Is 55266282283 composite?
True
Is 8160395134 composite?
True
Is 72578951857 prime?
False
Is 1325970179 a composite number?
False
Is 78800296117 a composite number?
True
Is 638612333 a composite number?
False
Is 473202845 prime?
False
Is 320452977127 prime?
False
Is 2496291761 a composite number?
False
Is 1724760221 composite?
False
Is 390285761 a prime number?
False
Is 163304723 a prime number?
False
Is 216264511 a prime number?
True
Is 2251364299 a composite number?
False
Is 3562185691 a prime number?
False
Is 67281043 prime?
False
Is 32381241099 a prime number?
False
Is 36727961 composite?
False
Is 355638871 prime?
False
Is 2917819339 a prime number?
True
Is 236860740959 composite?
False
Is 1236243287 composite?
False
Is 2794313 a composite number?
False
Is 118858903 prime?
False
Is 86394324769 a prime number?
True
Is 2715723629 a composite number?
True
Is 3848713541 prime?
True
Is 870345799 a prime number?
False
Is 3944223299 composite?
False
Is 5450920283 composite?
False
Is 131951671303 prime?
True
Is 33631978351 composite?
True
Is 2452931263 a prime number?
True
Is 625189843 prime?
False
Is 90098097851 a composite number?
False
Is 290169423491 a composite number?
False
Is 10339578647 a composite number?
False
Is 468235361 prime?
False
Is 1969467371 composite?
True
Is 261603163 prime?
True
Is 341936081 a prime number?
True
Is 26764681939 a composite number?
True
Is 447050663 a composite number?
False
Is 11165347313 a prime number?
True
Is 669337181 a composite number?
False
Is 36771499013 a prime number?
True
Is 4710981839 composite?
False
Is 13684585521 a composite number?
True
Is 3976393873 composite?
True
Is 8436852527 prime?
True
Is 8421133901 prime?
True
Is 2733679363 prime?
False
Is 59051469353 prime?
True
Is 1069588511 a composite number?
True
Is 2167545641 a composite number?
False
Is 4947108893 prime?
False
Is 11807309222 prime?
False
Is 33412332073 prime?
True
Is 15634827983 composite?
False
Is 903225409 composite?
False
Is 121463413859 a composite number?
True
Is 7087866169 a composite number?
False
Is 6134272499 a composite number?
False
Is 2573757559 prime?
True
Is 339006013 a prime number?
False
Is 85025603 prime?
False
Is 31559194115 composite?
True
Is 864109217 a prime number?
True
Is 41070471287 a composite number?
False
Is 131911699 a prime number?
False
Is 16214450331 composite?
True
Is 5470548389 a composite number?
False
Is 6224020427 composite?
False
Is 38066852207 prime?
True
Is 4943714579 a composite number?
False
Is 84731050567 composite?
False
Is 204297287 a prime number?
False
Is 17225179709 composite?
False
Is 13504293911 a composite number?
False
Is 4717308623 a prime number?
True
Is 13273770779 prime?
False
Is 1617476431 composite?
True
Is 72590223221 a prime number?
True
Is 119874647 composite?
False
Is 1938473591 a prime number?
True
Is 69254317435 composite?
True
Is 1312254037 composite?
False
Is 2245009471 prime?
False
Is 22079623017 a prime number?
False
Is 995298097 prime?
False
Is 3533109227 composite?
True
Is 2520099877 a prime number?
False
Is 987796421 a composite number?
True
Is 2979844393 a composite number?
True
Is 237443818789 prime?
True
Is 12876963457 a prime number?
True
Is 16538979661 prime?
True
Is 464122363 prime?
True
Is 145384819 prime?
True
Is 4258814519 prime?
False
Is 25474583 composite?
False
Is 171443147 prime?
False
Is 484207307 prime?
False
Is 3194800069 composite?
False
Is 792410439 a composite number?
True
Is 24261937261 composite?
False
Is 1515691319 a prime number?
False
Is 250610257 a composite number?
True
Is 278935326029 composite?
False
Is 119778451381 a prime number?
True
Is 379455409 a composite number?
True
Is 5180364589 a composite number?
True
Is 2792988613 composite?
False
Is 619212161 prime?
True
Is 9037889633 a composite number?
True
Is 161638877702 prime?
False
Is 2100353833 prime?
True
Is 99392939 a composite number?
True
Is 353239927 a composite number?
False
Is 1021904393 a composite number?
False
Is 364010561 prime?
True
Is 165165551993 composite?
True
Is 92314463 a composite number?
True
Is 7976001419 prime?
True
Is 31783509977 a prime number?
False
Is 801624179 composite?
False
Is 4673296709 prime?
True
Is 1569760583 composite?
False
Is 982167047 a prime number?
True
Is 11578796035 composite?
True
Is 11803764043 prime?
True
Is 817581241 a composite number?
True
Is 55525787819 prime?
False
Is 3061360429 composite?
True
Is 8872434037 composite?
False
Is 1208671234 prime?
False
Is 168595519 prime?
True
Is 882872591 a prime number?
False
Is 8969584111 composite?
True
Is 18098464561 composite?
False
Is 6624161047 composite?
True
Is 46049953 composite?
False
Is 338299697 a composite number?
True
Is 885375397 a composite number?
True
Is 8451759203 composite?
False
Is 1080542773 prime?
True
Is 1181717531 a composite number?
False
Is 24866868329 composite?
False
Is 8954158159 composite?
False
Is 4391741573 a prime number?
False
Is 159325319 a prime number?
False
Is 1064672173 composite?
False
Is 2894195757 composite?
True
Is 1641958537 prime?
True
Is 3761241541 prime?
True
Is 714866063 a prime number?
False
Is 302809961 composite?
True
Is 390880420369 prime?
True
Is 13188385381 composite?
False
Is 14473830263 composite?
True
Is 97671259919 a prime number?
True
Is 246063197 a prime nu